e
Is 8238778 a multiple of 666?
False
Does 180 divide 57276677?
False
Does 1039 divide 73513743?
False
Does 6 divide 39773818?
False
Is 2362564422 a multiple of 162?
True
Does 84 divide 36819720?
True
Is 135977000 a multiple of 40?
True
Is 2477116765 a multiple of 2195?
True
Is 68161716 a multiple of 4?
True
Does 20 divide 46155089?
False
Does 4 divide 181469673?
False
Does 169 divide 56037812?
False
Does 8 divide 165772032?
True
Is 2884002297 a multiple of 1182?
False
Is 16407160 a multiple of 44?
True
Is 160499363 a multiple of 48?
False
Is 637785447 a multiple of 1311?
False
Is 787118497 a multiple of 72?
False
Is 52 a factor of 155601242?
False
Is 1374 a factor of 60447756?
True
Is 180251836 a multiple of 193?
False
Is 84 a factor of 6975800?
False
Is 17319985 a multiple of 101?
True
Is 146 a factor of 415324?
False
Is 37978720 a multiple of 80?
True
Is 19 a factor of 71800058?
False
Is 128634114 a multiple of 1351?
True
Is 687 a factor of 108807060?
True
Does 6050 divide 3327813539?
False
Does 6 divide 91011503?
False
Does 3 divide 9045773?
False
Does 42 divide 40274850?
True
Is 44392091 a multiple of 28?
False
Is 9 a factor of 298092952?
False
Does 283 divide 802647430?
True
Is 36146196 a multiple of 36?
True
Does 68 divide 12797966?
False
Is 459 a factor of 396472525?
False
Does 12 divide 5069856?
True
Does 11 divide 622618183?
True
Is 98 a factor of 7824026?
True
Does 1017 divide 110101036?
False
Is 10 a factor of 321073930?
True
Is 1866 a factor of 750497736?
True
Does 87 divide 639948249?
True
Is 3578 a factor of 1377408764?
False
Is 16737363 a multiple of 11?
False
Is 408645976 a multiple of 4?
True
Is 60 a factor of 26966880?
True
Is 10 a factor of 95111500?
True
Is 5 a factor of 12306885?
True
Is 17862444 a multiple of 3519?
True
Is 51902048 a multiple of 3665?
False
Does 10 divide 77503070?
True
Is 2253748511 a multiple of 1063?
False
Is 2097 a factor of 110864196?
True
Is 24 a factor of 329420966?
False
Is 14 a factor of 138288836?
True
Does 19 divide 15088337?
True
Is 4 a factor of 7170516?
True
Is 99 a factor of 14174028?
True
Is 53 a factor of 358964177?
True
Is 1789389653 a multiple of 7716?
False
Is 361 a factor of 56415636?
True
Is 197723480 a multiple of 962?
False
Is 10 a factor of 205951160?
True
Is 2980194 a multiple of 2?
True
Is 4001 a factor of 983049701?
True
Is 75 a factor of 951216900?
True
Is 136 a factor of 21596120?
True
Does 495 divide 894374910?
True
Is 715 a factor of 28809770?
False
Is 47 a factor of 9448927?
True
Is 28167475 a multiple of 1775?
True
Is 1412 a factor of 523206716?
True
Is 148289897 a multiple of 332?
False
Does 723 divide 607985598?
False
Does 17 divide 6709902329?
True
Is 39 a factor of 279184152?
True
Is 309 a factor of 1091328363?
True
Is 15103322 a multiple of 151?
True
Is 150 a factor of 18734550?
True
Is 922718804 a multiple of 28?
True
Is 8 a factor of 21786344?
True
Does 1923 divide 805392458?
False
Is 1045 a factor of 12971169?
False
Is 1761 a factor of 1812265125?
False
Is 224216098 a multiple of 23?
True
Does 55 divide 6980985?
True
Is 6276643 a multiple of 252?
False
Does 1102 divide 413751787?
False
Is 2144835 a multiple of 24?
False
Is 32 a factor of 60354789?
False
Is 1253880636 a multiple of 33?
False
Is 50 a factor of 245195577?
False
Is 13 a factor of 11582930?
False
Is 3804268422 a multiple of 8?
False
Is 3718107 a multiple of 833?
False
Is 29622528 a multiple of 24?
True
Does 143 divide 8939497?
False
Is 155025862 a multiple of 818?
False
Is 2536 a factor of 192041949?
False
Does 6 divide 60527873?
False
Does 86 divide 747384469?
False
Is 150744792 a multiple of 33?
True
Is 120 a factor of 6581113?
False
Is 352788448 a multiple of 9?
False
Is 1198 a factor of 55261344?
True
Does 806 divide 236716154?
False
Does 8 divide 184009160?
True
Does 578 divide 3684172?
True
Is 33 a factor of 1209108087?
True
Is 711041444 a multiple of 22?
False
Is 44787 a multiple of 363?
False
Is 743 a factor of 218371415?
True
Is 22523453 a multiple of 176?
False
Is 9802105 a multiple of 4?
False
Is 87901966 a multiple of 867?
False
Is 60251684 a multiple of 4405?
False
Does 100 divide 49277273?
False
Is 81569517 a multiple of 3?
True
Does 26 divide 85872904?
True
Is 1837 a factor of 138216952?
False
Is 2258785686 a multiple of 41?
False
Is 17422372 a multiple of 1166?
True
Is 62937611 a multiple of 17?
False
Is 35127260 a multiple of 830?
True
Does 60 divide 69429180?
True
Is 409252392 a multiple of 9?
True
Is 35885846 a multiple of 48?
False
Is 25758126 a multiple of 8?
False
Is 10 a factor of 25941410?
True
Does 20 divide 34001729?
False
Is 761151014 a multiple of 233?
False
Does 583 divide 34749542?
False
Is 42166656 a multiple of 5976?
True
Is 61435682 a multiple of 1384?
False
Is 543049118 a multiple of 205?
False
Is 27 a factor of 66835642?
False
Is 35 a factor of 22036442?
False
Does 1524 divide 156830268?
True
Is 271889127 a multiple of 93?
True
Does 3039 divide 919157530?
False
Is 1181 a factor of 902909322?
False
Does 553 divide 159632851?
True
Does 70 divide 535954267?
False
Does 17 divide 24574138?
False
Does 45 divide 71993179?
False
Is 3598072229 a multiple of 6494?
False
Is 136648920 a multiple of 455?
False
Is 6 a factor of 63214272?
True
Is 21700791 a multiple of 627?
False
Is 461085816 a multiple of 454?
False
Is 354655222 a multiple of 11?
False
Does 55 divide 2659353160?
False
Is 92831900 a multiple of 2975?
True
Does 2562 divide 410890998?
True
Is 2 a factor of 10864320?
True
Is 11520762 a multiple of 22?
True
Is 14 a factor of 175458905?
False
Does 34 divide 3954933?
False
Does 6221 divide 566757984?
True
Is 1367386142 a multiple of 2?
True
Is 2 a factor of 2098311?
False
Does 2170 divide 123814193?
False
Does 1066 divide 64662494?
True
Does 26 divide 15753649?
False
Does 270 divide 56592085?
False
Is 8 a factor of 4724856?
True
Is 34 a factor of 145705878?
True
Is 91 a factor of 155233664?
False
Is 395105521 a multiple of 2381?
True
Does 340 divide 45094880?
True
Does 317 divide 2175254?
True
Is 269333660 a multiple of 232?
False
Is 53634298 a multiple of 23?
True
Is 71 a factor of 576965728?
False
Does 17 divide 12260264?
True
Is 316671893 a multiple of 3033?
False
Is 47841553 a multiple of 15?
False
Is 81 a factor of 260330193?
True
Is 20 a factor of 53305201?
False
Does 116 divide 10914107?
False
Is 4639812 a multiple of 7?
False
Does 292 divide 14877231?
False
Is 2222 a factor of 5059602878?
True
Does 182 divide 334685078?
True
Does 25 divide 6968750?
True
Does 147 divide 646832221?
False
Is 1637 a factor of 37691925?
True
Does 272 divide 3082368?
False
Is 14 a factor of 138275270?
True
Does 49 divide 47778577?
True
Does 687 divide 52058206?
False
Is 42818435 a multiple of 8?
False
Is 9 a factor of 907778088?
True
Is 3261 a factor of 167363357?
False
Is 53997916 a multiple of 7?
True
Is 36 a factor of 43689101?
False
Is 2446 a factor of 1027794524?
True
Is 12 a factor of 40825140?
True
Is 968742219 a multiple of 206?
False
Is 5 a factor of 2609205?
True
Does 41 divide 1136292011?
False
Is 21657989 a multiple of 56?
False
Is 707 a factor of 500133214?
True
Is 71072648 a multiple of 150?
False
Is 59 a factor of 657495410?
True
Is 2308344770 a multiple of 17?
False
Is 18 a factor of 1651428?
True
Does 21 divide 253371468?
True
Is 6 a factor of 40766255?
False
Does 187 divide 7507863?
True
Is 88501504 a multiple of 111?
False
Is 203978304 a multiple of 36?
True
Is 209 a factor of 62378976?
True
Does 498 divide 243770300?
False
Does 29 divide 4777373?
True
Does 38 divide 40642862?
True
Is 197388513 a multiple of 9?
True
Is 425445144 a multiple of 8?
True
Is 1295510888 a multiple of 28?
True
Does 1329 divide 1074739707?
True
Is 43 a factor of 112348088?
False
Does 65 divide 139676745?
True
Does 1514 divide 18938626?
True
Is 4506 a factor of 11618295?
False
Is 6619938957 a multiple of 15?
False
Is 31 a factor of 1462984703?
False
Is 15 a factor of 4884487494?
False
Is 172593245 a multiple of 1045?
True
Is 104895848 a multiple of 5?
False
Is 3885630 a multiple of 5?
True
Is 234483687 a multiple of 353?
False
Is 4725 a factor of 1344239548?
False
Is 54100398 a multiple of 22?
True
Is 33477512 a multiple of 23?
True
Does 12 divide 543747483?
False
Does 293 divide 4031094